fefbc4
In base 9, what is 12657737 + -32?
12657705
In base 8, what is 3 - 1720774647?
-1720774644
In base 2, what is -101110010100111100 - -110011?
-101110010100001001
In base 4, what is -3030323102111 + -13?
-3030323102130
In base 10, what is -311 - 380538?
-380849
In base 4, what is 1311 - -101102233?
101110210
In base 9, what is -864668 - 577?
-865356
In base 2, what is 100000001111011110001011 - 10?
100000001111011110001001
In base 8, what is 3 - -12216176?
12216201
In base 3, what is 10100112120112 + -10?
10100112120102
In base 12, what is -217099ba1 - 2?
-217099ba3
In base 2, what is 10101110100010110 + 1000001?
10101110101010111
In base 4, what is -11 + 1033313233011?
1033313233000
In base 15, what is 1 - 4db513?
-4db512
In base 16, what is 51663 - -d?
51670
In base 8, what is -5 - 7344701?
-7344706
In base 2, what is -11 + -1110111100100111100000111111?
-1110111100100111100001000010
In base 7, what is -135436 + -5543?
-144312
In base 9, what is 16446 - -21581?
38137
In base 13, what is -c381 + -48b?
-c83c
In base 9, what is 27 + 1284352?
1284380
In base 6, what is 34212 - -3044?
41300
In base 4, what is -110320022 - 30?
-110320112
In base 2, what is 10 - 100000101000001101?
-100000101000001011
In base 6, what is -11251 - -205135?
153444
In base 13, what is 54935 + -18?
5491a
In base 3, what is 102 + -110002201112?
-110002201010
In base 3, what is -112101102 + -1212121?
-121021000
In base 11, what is 44 - -44707a?
447113
In base 15, what is -a - -2636c?
26362
In base 6, what is 20 + -35202444?
-35202424
In base 7, what is -13365 + 1654650?
1641252
In base 14, what is -48b - -34ad8?
3464b
In base 5, what is -2 - 43401412403?
-43401412410
In base 14, what is 1b2 + 1596?
1768
In base 16, what is 1e1 - b54c?
-b36b
In base 15, what is -66c261 + -4?
-66c265
In base 11, what is 281620 - 1?
28161a
In base 2, what is 11 - -1100011110010111111?
1100011110011000010
In base 5, what is -103114132303 - -1?
-103114132302
In base 4, what is -10301331 - -2222001?
-2013330
In base 2, what is 101000100011001101000 + -1111011?
101000100010111101101
In base 10, what is 41 + 257008?
257049
In base 12, what is -52b0 - 22?
-5312
In base 11, what is 2a + -80187?
-80158
In base 16, what is 8 + -2b21ed1?
-2b21ec9
In base 16, what is e8b1 + e7?
e998
In base 10, what is 3 - -18734063?
18734066
In base 3, what is -121 + 11211011220202?
11211011220011
In base 2, what is -110011111001011100 - -1001000000?
-110011110000011100
In base 10, what is 5158496 + 4?
5158500
In base 14, what is -241d + -1590?
-39ad
In base 10, what is 3668 - -1707?
5375
In base 13, what is -2b8 - 7b8b?
-8176
In base 3, what is -11002212111010001 + -12?
-11002212111010020
In base 2, what is 1110 - -10010110111010101?
10010110111100011
In base 7, what is -16 + -33553061?
-33553110
In base 15, what is 1 + 28663b?
28663c
In base 3, what is -2001010010111 - 0?
-2001010010111
In base 9, what is -58702 + -188?
-60001
In base 5, what is 133113301 + 1134?
133114440
In base 8, what is 3643344 + 4?
3643350
In base 11, what is -2117 + 10039?
8a22
In base 10, what is 10 - 2985949?
-2985939
In base 9, what is 5780 - -7134?
14024
In base 10, what is 13797 - 128?
13669
In base 4, what is 310011302332 - -3?
310011303001
In base 2, what is -1000011111001011 - -111000011?
-1000011000001000
In base 11, what is -29634 + -10a09?
-3a542
In base 13, what is -9 - -1447889?
1447880
In base 13, what is -13c - 37b17?
-37c56
In base 13, what is ccb0cc - 5?
ccb0c7
In base 2, what is -10101101 - 110111001100000?
-110111100001101
In base 8, what is -44326476 + 1?
-44326475
In base 8, what is 3441514 - -26?
3441542
In base 3, what is -101010010220120 + -10?
-101010010220200
In base 14, what is -2c9d + 77a9?
490a
In base 5, what is 2330424 + -4142?
2321232
In base 7, what is -164323451 + -4?
-164323455
In base 9, what is -11524437 + 164?
-11524263
In base 12, what is -40 - -b372?
b332
In base 14, what is 1965 + -1b33?
-1ac
In base 3, what is 101001110012 + -200202?
101000202110
In base 2, what is 1101101101011 - -101100001111101?
111001111101000
In base 12, what is 13306 + -a4?
13222
In base 5, what is 343422310133 - -10?
343422310143
In base 4, what is -2213133213111 + 3?
-2213133213102
In base 6, what is -1211255 + -45315?
-1301014
In base 2, what is 1010001110100110110101111 - -11?
1010001110100110110110010
In base 2, what is 101 + -1101110101110001111010010?
-1101110101110001111001101
In base 13, what is -220 - 9964?
-9b84
In base 12, what is -9a + 76593?
764b5
In base 9, what is 44 + 81554?
81608
In base 7, what is -15 + 435250405?
435250360
In base 15, what is 2b27c8 - -4?
2b27cc
In base 15, what is -1b10 - -15b6e?
1405e
In base 7, what is 1525255 - 12432?
1512523
In base 12, what is 1a59 + 900?
2759
In base 5, what is -12331121414 - -4?
-12331121410
In base 10, what is -598 - 13043?
-13641
In base 9, what is 0 + -212075057?
-212075057
In base 3, what is -1002021120 + -122011?
-1002220201
In base 16, what is 2d50 + 501a?
7d6a
In base 8, what is 6522 - -10352?
17074
In base 6, what is 101313500 + 2?
101313502
In base 7, what is 150450500 + -21?
150450446
In base 16, what is a77 + 9c04?
a67b
In base 3, what is -1020002202022212 - -12?
-1020002202022200
In base 7, what is -133140 - -1525?
-131312
In base 11, what is 236 + 14364?
1459a
In base 10, what is 572 - -8439?
9011
In base 2, what is -100101111111 + 10010011011100110?
10001110101100111
In base 16, what is 3d3486 + 1?
3d3487
In base 10, what is 41727 + -440?
41287
In base 8, what is 75460 + 21336?
117016
In base 12, what is 318b201 - -2?
318b203
In base 12, what is a7bb + -14a54?
-6255
In base 7, what is 34 - -26523334?
26523401
In base 8, what is 1207133 + 51?
1207204
In base 3, what is -1112220022 + -11210000?
-1201200022
In base 12, what is 64475 + -8?
64469
In base 14, what is -2 + -1ad5cd?
-1ad5d1
In base 4, what is -1032 - 113013213?
-113020311
In base 14, what is -226d + 305?
-1d68
In base 13, what is 264b8 + -80a?
259ab
In base 9, what is -3558083 - -2?
-3558081
In base 4, what is -10000033103 - 320?
-10000100023
In base 12, what is -16 - 8492?
-84a8
In base 15, what is 10b8 - 5ca52?
-5b989
In base 9, what is -35051043 - 14?
-35051057
In base 8, what is 645 - 35767?
-35122
In base 16, what is 72fc3e + -2?
72fc3c
In base 12, what is -34885b + -74?
-348913
In base 3, what is -10 + -220011112210002?
-220011112210012
In base 4, what is 30302 - -123132103?
123223011
In base 15, what is -ac6680d + 3?
-ac6680a
In base 16, what is 63a0 + -1617?
4d89
In base 9, what is 856 - 101332?
-100365
In base 5, what is -11041204 + 433?
-11040221
In base 16, what is 4bd4 + -99?
4b3b
In base 2, what is 10 + 10110011011110010010011110?
10110011011110010010100000
In base 15, what is -35 - -107c45?
107c10
In base 5, what is -113341041 - 1012?
-113342103
In base 7, what is -100 - 4215241?
-4215341
In base 3, what is 1001022100 - 10012?
1001012011
In base 10, what is -2960 + -3904?
-6864
In base 4, what is -211322321 - 1022?
-211330003
In base 13, what is -1ba70b9 + -2?
-1ba70bb
In base 13, what is 4ab0 + -b20?
3c90
In base 7, what is -32 - 31344355?
-31344420
In base 15, what is 5a2 - b1a3?
-ab01
In base 13, what is ccc32a2 + -2?
ccc32a0
In base 4, what is 100301 - -220031?
320332
In base 16, what is -2 - 91902b?
-91902d
In base 11, what is -1342 - -2a094?
28852
In base 6, what is 3 + -3324430124?
-3324430121
In base 10, what is 2369 - -17171?
19540
In base 8, what is -17 + 40571?
40552
In base 3, what is -12 + -1201101020002020?
-1201101020002102
In base 7, what is 4 + -43614534?
-43614530
In base 2, what is -110001 - 10000001011100111010110?
-10000001011101000000111
In base 16, what is 19b - -4342f?
435ca
In base 6, what is 30 + -34515104?
-34515034
In base 9, what is 36577 + -1442?
35135
In base 3, what is -111020 - -1012221?
201201
In base 13, what is 252 - -44ab?
4730
In base 6, what is -2032 + -311302?
-313334
In base 11, what is 3a55215 - -1?
3a55216
In base 14, what is a2 - -354681?
354743
In base 12, what is 12b0723 + 70?
12b0793
In base 3, what is 1110 - 11112122121200?
-11112122120020
In base 7, what is 23534 - 2023?
21511
In base 4, what is 311212211222 - -12?
311212211300
In base 7, what is -402036245 + 5?
-402036240
In base 13, what is -3894886 - -5?
-3894881
In base